when 6 is divided by x(-3).
0
Let d be (14/(-4))/(2/(-12)). Suppose g - d = -5. Suppose -2*l + 124 = 2*l. What is the remainder when l is divided by g?
15
Let r = -910 + 1162. What is the remainder when r is divided by 73?
33
Let x(d) = -23 + 8 + 6*d + d**2 + 12. Let y be x(-7). Let j(z) = z**2 + 4. What is the remainder when 38 is divided by j(y)?
18
Suppose -124 - 100 = -7*t. What is the remainder when 59 is divided by t?
27
Let q(y) = -y**2 - 5*y + 30. What is the remainder when 114 is divided by q(0)?
24
Suppose 12*h - 11*h - 201 = 30*t, 4*h - 5*t - 114 = 0. What is the remainder when 325/4 + 1/(-4) is divided by h?
18
What is the remainder when 249 is divided by (-10)/(20/6)*-8?
9
Suppose 9*c - 50 = -14. Suppose -4*b + 14 = -3*k, 2*k - c*k = -4. Calculate the remainder when 9 is divided by b.
4
Let m = 163 - 156. What is the remainder when 10 is divided by m?
3
Suppose -5 = 3*z + 16. Suppose 4*q = -5*o + 203, 5*q - 205 = -9*o + 4*o. What is the remainder when o is divided by z/(21/(-72)) - 3?
18
Suppose -a - a + 4 = 0. Suppose a*t + 0*t = 10. Calculate the remainder when (1220/(-84))/(-5) + -3 - (-25960)/924 is divided by t.
3
Calculate the remainder when (42/(-4))/(15/(-500)) is divided by 39.
38
Suppose -4*z + 16 = 14*m - 10*m, -5*m = -4*z - 11. Suppose -2*r - 13 = -m*c, -5*r + 4*r = -1. Calculate the remainder when 8 is divided by c.
3
Let u(c) = -c - 10. Let i be u(5). Let h = -12 - i. Suppose 4*b + h*g = 67, 4*g + 19 = 7*b - 4*b. Calculate the remainder when 23 is divided by b.
10
Let w = 80 - 19. Calculate the remainder when w is divided by 42.
19
Suppose 0 = -2*k + 7*k - 120. Suppose 4*s - 5*c - k = 0, 0 = 5*s - 3*c - 23 - 7. What is the remainder when 16 is divided by s?
4
Suppose 0 = -2*j + n + 195, -n + 84 + 321 = 4*j. What is the remainder when j is divided by 28?
16
Suppose 0*d + d = -b - 35, 5*b - 5*d + 145 = 0. Let s = -5 - b. What is the remainder when ((-26235)/(-198))/((-10)/(-4)) is divided by s?
26
Suppose 6*u + j = 80, -7*j + 50 = 3*u - 9*j. Calculate the remainder when 237 is divided by u.
13
Let k(t) = 4*t + 3. Suppose -3*d = d - 8. Let s be k(d). Let z = s + -4. Calculate the remainder when 26 is divided by z.
5
Let i(u) = -893*u - 5256. Suppose 6 = 3*o - 0*o. Suppose -2*l = -3*b - 39, -o*b + 63 = 5*l + 2*b. What is the remainder when i(-6) is divided by l?
12
Let z = 147 + -82. Calculate the remainder when 321 is divided by z.
61
Let d(c) = c**3 + 8*c**2 - 54*c + 11. What is the remainder when d(5) is divided by 14?
10
Let f = 1113 + -1010. Calculate the remainder when f is divided by 27.
22
Let f(d) = d**2 - 5*d + 1. Let v be f(5). Let l be -6 + 6 - (-4 + v). Suppose 13 = l*u + p + 2, u + 3 = p. Calculate the remainder when u is divided by 2.
0
Let s(n) = 7*n**2 - 8*n - 7. What is the remainder when s(-4) is divided by 45?
2
Let y = 307 + -123. What is the remainder when y is divided by 31?
29
Calculate the remainder when 185 is divided by 2*3*2/2.
5
Suppose k - p + 7 = -4*p, -3*k = -3*p - 27. Suppose 4*j = -4*o + 632, k*o + 2*j - 811 = 4*j. What is the remainder when o is divided by 41?
38
Let u be ((-80)/60)/(1*4/(-366)). What is the remainder when (-4 - (0 - -2))*u/(-6) is divided by 21?
17
Let v(n) = 8*n**2 - 5*n + 3. Let o be v(3). Let m = o + -30. Suppose -5*r + 0*r = 3*j - 39, -r - 5*j = 1. Calculate the remainder when m is divided by r.
3
Let g = 98 - 89. Calculate the remainder when 79 is divided by g.
7
Let s(y) = -y. Let a be s(-4). Let r be (-32)/24*(-18)/a. What is the remainder when 21 is divided by (-1)/2*r + 15?
9
Suppose 2*k - 20 = -4*y, 0*k + 2*y - 6 = k. Calculate the remainder when 51 is divided by 117/13*(k + 0).
15
What is the remainder when ((-201)/(-12))/((-1)/(-4)) is divided by 24?
19
Let m = 254 - 244. What is the remainder when 46 is divided by m?
6
Suppose 941 + 253 = 6*h. Calculate the remainder when h is divided by 41.
35
Suppose 9*h - 900 = 14*h. Let z = 309 + h. What is the remainder when z is divided by 26?
25
Let q(v) = 72*v - 1. Let g(i) = 145*i - 1. Let j(u) = -6*g(u) + 13*q(u). Let b be j(4). Suppose b - 77 = 5*h. What is the remainder when h is divided by 13?
10
Suppose 161 = 44*w - 37*w. Calculate the remainder when 105 is divided by w.
13
Let v(t) = -t**3 + 5*t**2 + 6*t. Let s be v(6). Suppose 3*q - 5*m + 0*m - 31 = s, -18 = q + 4*m. What is the remainder when 8 + -1 + 2 + -2 is divided by q?
1
Let q(x) = x**3 - 10*x**2 + 20*x - 1. Let o = 75 + -63. Calculate the remainder when q(8) is divided by o.
7
Calculate the remainder when -1*(-7)/(-7)*-283 is divided by 24.
19
Calculate the remainder when 32 is divided by ((-25)/(-75))/(2/54).
5
Let d be (3/9)/(1/1908*4). Suppose -29*v + d = -26*v. Calculate the remainder when v is divided by 27.
26
Let z(w) = 2*w**2 - 7*w + 2. Let i be z(9). Suppose 2*r - 4*m - 146 = 5*r, 0 = 2*r - 5*m + 128. Let d = r + i. Calculate the remainder when d is divided by 25.
22
Suppose 0 = 3*v - 15, 2*v - 250 = -5*h - 2*v. Calculate the remainder when h is divided by -1*(3*-7 + 4).
12
Let o = -78 - -157. Let y = o + -67. What is the remainder when 26 is divided by y?
2
Calculate the remainder when (-2)/19 + (-6120)/(-380) is divided by 11.
5
Let n(b) = 8*b**2 - 2*b. Let m be n(3). Suppose m = 5*u - 2*u. Let y = -325 - -337. What is the remainder when u is divided by y?
10
Suppose -3*r + 45 = 5*u, 3*r - 45 = 3*u + 2*u. Let v be (-1)/3 - 130/r. Let f = v - -27. What is the remainder when f is divided by 7?
4
Let l = 0 + 3. Let r be 0 + 135/(0 + l). Let s = r - -16. What is the remainder when s is divided by 21?
19
Let h(t) = t**3 + 69*t**2 + 1099*t + 5. Calculate the remainder when h(-44) is divided by 42/(-8)*8/(-3).
7
Suppose 0 = 5*o - 25, -3*z - o = -0*o - 32. Suppose 36 = 3*c - z. Suppose 0 = 37*q - 43*q + 48. What is the remainder when c is divided by q?
7
Suppose 0 = -o + 5*g + 4, -2*g = -3*g. Suppose -20 = 4*v, -o*k = k + v - 115. Let x = -2343 - -2356. What is the remainder when k is divided by x?
11
Let r = -14 - -13. Let q be (0 - r) + 2/(-2). Suppose q = -3*f + 5*z + 176, -z = 4*f + 4*z - 223. What is the remainder when f is divided by 12?
9
Let t = 1041 + -1030. Calculate the remainder when 670 is divided by t.
10
Suppose 19 = 4*k - 2*d - 3, 5*k - d = 29. What is the remainder when 41 is divided by k?
5
Let m(w) = -w**2 + 8*w + 1. Suppose -2*i + 16 = -5*b, -2*i + 2*b = -i - 8. Let d be m(i). Calculate the remainder when 4*-3*d/(-2) is divided by 3.
0
Let h(i) = -i**3 + 5*i**2 - 5*i + 6. Let k = -22 + 30. Let w be (-2 - 2 - 0) + k. What is the remainder when 4 is divided by h(w)?
0
Let w(y) = y**2 - y - 1. Let a be w(-2). Suppose a*r = -2*o + 25, -4*o + r - 8 = -5*o. What is the remainder when o is divided by 3?
2
Let m = 57 + -19. Let n(z) = -11*z - 2. Let v = 4 - 6. What is the remainder when m is divided by n(v)?
18
Suppose -7*q + 15 = -2*q, -5*q = -4*n + 29. Let f(u) = -2*u**2 + n + u - 17*u + 4*u**2. What is the remainder when f(12) is divided by 27?
26
Let x be ((-20)/(-12) + -1)*-3. Let q be (3 + 1)*x/(-4). Suppose 0 = 3*w - 4*w - 5*f + 18, -2 = -q*f. What is the remainder when w is divided by 8?
5
Suppose 4*h - 12 + 4 = 0. Let l be 1*24*(2 + h). Suppose 2*v = l + 2. Calculate the remainder when v is divided by 13.
10
Suppose -2*z - 5*a = -83, 0*z - 5*a = z - 34. Suppose 2 - 4 = 2*i, -5*i = -k + z. Calculate the remainder when k is divided by 12.
8
Suppose 66 = -q + 187. Let t = -100 + q. What is the remainder when 51 is divided by t?
9
Let r(c) = 97*c**3 + 11 - 98*c**3 - 12 + 13*c**2 - 8*c. Suppose 2*k - 5 = -1, 3*k = -4*i + 54. What is the remainder when r(i) is divided by 10?
7
Suppose 0 = -i + 3*t + 77, 6*t - 2*t = i - 78. Calculate the remainder when i is divided by 21.
11
Suppose -154 = -5*b + 171. What is the remainder when b is divided by 22?
21
Suppose -3*z = -5*f - 93, 7*f + 38 = z + 3*f. Let l = z + -18. Calculate the remainder when 27 is divided by (14/l)/((-2)/(-8)).
6
Let v(c) = c**3 + 13*c**2 - 2*c + 33. What is the remainder when v(-13) is divided by 20?
19
Suppose -3*l + t = -11, -3*l + 3 = -2*l - t. Let y be (-6)/l*24/(-3). Calculate the remainder when y/2 + -1 + 3 is divided by 5.
3
Let d(v) = -v + 18. Let g be d(14). What is the remainder when 36 is divided by 2 - g - -11 - -1?
6
Let l(t) = 5*t**2 - 9*t + 6. Wh